tors of 193468982?
2, 7, 19, 727327
What are the prime factors of 2451740914?
2, 7, 61, 431, 6661
What are the prime factors of 3162185678?
2, 1581092839
List the prime factors of 99939909.
3, 3329, 10007
List the prime factors of 48550864.
2, 59, 51431
List the prime factors of 64164920.
2, 5, 1604123
List the prime factors of 1216723526.
2, 31, 1117, 17569
List the prime factors of 68033313.
3, 31, 59, 4133
What are the prime factors of 73906532?
2, 7, 131, 20149
What are the prime factors of 281927665?
5, 59, 61, 15667
What are the prime factors of 60627872?
2, 379, 4999
What are the prime factors of 138368100?
2, 3, 5, 13, 17, 2087
List the prime factors of 916717389.
3, 7, 1013, 43093
List the prime factors of 88222031.
29, 461, 6599
What are the prime factors of 174805?
5, 34961
What are the prime factors of 176989006?
2, 17, 263, 19793
List the prime factors of 51312602.
2, 11, 2332391
List the prime factors of 308870691.
3, 1129, 91193
List the prime factors of 772436597.
41, 18839917
List the prime factors of 798372708.
2, 3, 7, 53, 389, 461
List the prime factors of 59821734.
2, 3, 7, 367, 3881
What are the prime factors of 27474357?
3, 9158119
What are the prime factors of 1819528?
2, 79, 2879
What are the prime factors of 338207463?
3, 11, 310567
List the prime factors of 31216181.
31216181
What are the prime factors of 32048778?
2, 3, 5341463
What are the prime factors of 138896779?
7, 37, 536281
What are the prime factors of 3570241035?
3, 5, 71, 3352339
What are the prime factors of 16999411?
11, 13, 101, 107
What are the prime factors of 2754001336?
2, 344250167
What are the prime factors of 683045461?
7, 8849, 11027
What are the prime factors of 54027668?
2, 31, 41, 10627
What are the prime factors of 772153030?
2, 5, 11, 58013
What are the prime factors of 163327530?
2, 3, 5, 31, 175621
List the prime factors of 106226396.
2, 1723, 15413
What are the prime factors of 293066726?
2, 9719, 15077
What are the prime factors of 29859464?
2, 3732433
List the prime factors of 133828545.
3, 5, 2909, 3067
What are the prime factors of 7140335145?
3, 5, 476022343
List the prime factors of 219384459.
3, 7, 3482293
List the prime factors of 937197084.
2, 3, 31, 2519347
What are the prime factors of 515797632?
2, 3, 7, 23, 103
List the prime factors of 1053929530.
2, 5, 113, 932681
What are the prime factors of 2383887257?
2383887257
List the prime factors of 11461370.
2, 5, 19, 179, 337
What are the prime factors of 4024490867?
631, 6377957
List the prime factors of 100016602.
2, 7, 31, 230453
What are the prime factors of 475422969?
3, 7, 17, 317, 4201
What are the prime factors of 59682790?
2, 5, 5968279
What are the prime factors of 1211421349?
73, 2917, 5689
What are the prime factors of 20553176?
2, 7, 367021
What are the prime factors of 4562078?
2, 2281039
List the prime factors of 143037317.
31, 151, 30557
List the prime factors of 914583438.
2, 3, 3727, 13633
What are the prime factors of 10054846?
2, 1523, 3301
List the prime factors of 1111699332.
2, 3, 30880537
List the prime factors of 4457356524.
2, 3, 4903, 25253
What are the prime factors of 121722534?
2, 3, 2254121
What are the prime factors of 489401250?
2, 3, 5, 13, 10039
List the prime factors of 41310209.
41310209
List the prime factors of 23491863.
3, 290023
What are the prime factors of 183591636?
2, 3, 17, 193, 4663
List the prime factors of 12827630.
2, 5, 1282763
List the prime factors of 1206013313.
71, 16986103
What are the prime factors of 50627485?
5, 23, 440239
What are the prime factors of 213073517?
139, 1532903
What are the prime factors of 271231383?
3, 2861, 31601
List the prime factors of 675170097.
3, 7, 257, 125101
What are the prime factors of 1746520266?
2, 3, 139, 463, 4523
List the prime factors of 63717977.
41, 61, 73, 349
What are the prime factors of 66010881?
3, 17, 181, 7151
List the prime factors of 54431890.
2, 5, 373, 14593
List the prime factors of 7259846.
2, 11, 329993
List the prime factors of 287410150.
2, 5, 19, 15923
What are the prime factors of 1850177024?
2, 113, 283
What are the prime factors of 29424280?
2, 5, 17, 43271
What are the prime factors of 111140709?
3, 19, 41, 2503
What are the prime factors of 1865820300?
2, 3, 5, 2339, 2659
What are the prime factors of 5467459464?
2, 3, 107, 709691
List the prime factors of 108536239.
7, 31, 500167
List the prime factors of 107380657.
107380657
What are the prime factors of 3211624767?
3, 13, 5119, 16087
What are the prime factors of 4921078347?
3, 443, 467, 881
What are the prime factors of 790113351?
3, 947, 278111
What are the prime factors of 135953744?
2, 883, 9623
What are the prime factors of 1291130219?
1291130219
What are the prime factors of 1567723585?
5, 23, 409, 33331
What are the prime factors of 78013447?
23, 41, 82729
List the prime factors of 135933790.
2, 5, 19, 715441
What are the prime factors of 35271956?
2, 317, 27817
What are the prime factors of 1653150161?
13, 67, 1897991
What are the prime factors of 11899036?
2, 2974759
List the prime factors of 2355408369.
3, 701, 124447
What are the prime factors of 1128866222?
2, 11, 51312101
What are the prime factors of 4856150897?
13, 239, 1562971
List the prime factors of 7949576314.
2, 15287, 260011
List the prime factors of 176724950.
2, 5, 37, 95527
What are the prime factors of 269103788?
2, 67275947
What are the prime factors of 79090087?
79090087
List the prime factors of 56180857.
56180857
What are the prime factors of 187535483?
17, 1459, 7561
List the prime factors of 5505323577.
3, 13, 141162143
List the prime factors of 1593410768.
2, 61, 149, 10957
List the prime factors of 378978875.
5, 11, 17, 31, 523
What are the prime factors of 75213886?
2, 11, 223, 15331
List the prime factors of 2386275526.
2, 1657, 720059
What are the prime factors of 121261155?
3, 5, 97, 83341
List the prime factors of 1521854707.
1877, 810791
What are the prime factors of 837905686?
2, 23, 863, 21107
List the prime factors of 263867878.
2, 5743, 22973
List the prime factors of 4101896803.
269, 15248687
List the prime factors of 97003231.
13, 29, 79, 3257
What are the prime factors of 13612956?
2, 3, 7, 162059
List the prime factors of 582806182.
2, 7, 401, 103813
What are the prime factors of 598579151?
83, 683, 10559
List the prime factors of 7437698771.
22769, 326659
What are the prime factors of 118333941?
3, 11, 1553, 2309
What are the prime factors of 207513084?
2, 3, 17, 23, 47, 941
List the prime factors of 1575874978.
2, 787937489
List the prime factors of 5807895547.
19, 127, 2406919
What are the prime factors of 114590784?
2, 3, 7, 11, 23, 337
List the prime factors of 16751259.
3, 7, 263, 337
List the prime factors of 17503559.
29, 71, 8501
What are the prime factors of 282276568?
2, 7, 17, 296509
List the prime factors of 181117521.
3, 13, 71, 21803
List the prime factors of 2204024728.
2, 275503091
What are the prime factors of 1726839979?
1726839979
List the prime factors of 7261587046.
2, 7, 307, 241361
List the prime factors of 59084566.
2, 19, 163, 9539
What are the prime factors of 737555460?
2, 3, 5, 59, 89, 2341
What are the prime factors of 42311360?
2, 5, 7, 13, 1453
What are the prime factors of 377182082?
2, 188591041
What are the prime factors of 1452322678?
2, 43, 16887473
What are the prime factors of 973377931?
973377931
List the prime factors of 18801465.
3, 5, 23, 54497
What are the prime factors of 68412439?
68412439
List the prime factors of 1961329385.
5, 392265877
What are the prime factors of 2881864244?
2, 7, 14703389
What are the prime factors of 184693179?
3, 11, 127, 347
What are the prime factors of 155067624?
2, 3, 2153717
List the prime factors of 2427974894.
2, 4327, 280561
What are the prime factors of 3963311089?
2087, 1899047
List the prime factors of 44042883.
3, 229, 64109
List the prime factors of 4798636620.
2, 3, 5, 79977277
What are the prime factors of 125778729?
3, 1097, 38219
What are the prime factors of 258704940?
2, 3, 5, 13, 29, 11437
List the prime factors of 1926912300.
2, 3, 5, 89, 72169
List the prime factors of 268601726.
2, 3067, 43789
What are the prime factors of 516946755?
3, 5, 13, 821, 3229
What are the prime factors of 1449788321?
379, 3825299
What a